he remainder when 78787 is divided by 903.
226
What is the remainder when 22525731 is divided by 4505142?
21
Calculate the remainder when 926 is divided by 174.
56
Calculate the remainder when 256839731 is divided by 247.
239
What is the remainder when 1525520 is divided by 25425?
20
What is the remainder when 3403551 is divided by 16?
15
Calculate the remainder when 3026211 is divided by 27.
24
Calculate the remainder when 5604140 is divided by 3802.
3794
What is the remainder when 8050609 is divided by 1487?
1478
Calculate the remainder when 124697 is divided by 273.
209
What is the remainder when 1447489 is divided by 843?
58
Calculate the remainder when 405663 is divided by 3827.
1
What is the remainder when 2019115 is divided by 336470?
295
What is the remainder when 49662 is divided by 714?
396
What is the remainder when 7123794 is divided by 181?
177
What is the remainder when 142583 is divided by 19969?
2800
What is the remainder when 16498 is divided by 5496?
10
Calculate the remainder when 1132463 is divided by 30607.
4
Calculate the remainder when 512370 is divided by 1621.
134
Calculate the remainder when 83946 is divided by 41274.
1398
What is the remainder when 646625 is divided by 283?
253
Calculate the remainder when 14055929 is divided by 2012.
97
What is the remainder when 3084782 is divided by 1542308?
166
What is the remainder when 1756849 is divided by 14?
3
What is the remainder when 34624472 is divided by 176?
168
Calculate the remainder when 707423603 is divided by 33.
29
What is the remainder when 1688069 is divided by 150?
119
What is the remainder when 16179768 is divided by 16179567?
201
What is the remainder when 24766489 is divided by 375?
364
What is the remainder when 242900 is divided by 1508?
112
What is the remainder when 1538706 is divided by 179?
22
Calculate the remainder when 90780768 is divided by 54.
18
What is the remainder when 15923 is divided by 2982?
1013
What is the remainder when 408617 is divided by 2651?
363
What is the remainder when 494438 is divided by 5150?
38
Calculate the remainder when 162592 is divided by 89.
78
What is the remainder when 290356 is divided by 923?
534
Calculate the remainder when 442584 is divided by 1727.
472
What is the remainder when 862462 is divided by 59?
0
What is the remainder when 291954 is divided by 2298?
108
Calculate the remainder when 632348597 is divided by 1300.
1297
What is the remainder when 572856 is divided by 569988?
2868
What is the remainder when 5971925 is divided by 110591?
11
What is the remainder when 3426301 is divided by 59?
53
Calculate the remainder when 23380200 is divided by 1558678.
30
Calculate the remainder when 1632792 is divided by 14578.
56
What is the remainder when 4085158 is divided by 25?
8
What is the remainder when 24121 is divided by 5345?
2741
What is the remainder when 1089422 is divided by 3537?
26
What is the remainder when 2140737 is divided by 25185?
12
What is the remainder when 36338567 is divided by 78?
5
Calculate the remainder when 2914405 is divided by 568.
565
Calculate the remainder when 78511 is divided by 3015.
121
What is the remainder when 2670814 is divided by 50389?
197
Calculate the remainder when 544230 is divided by 3165.
3015
Calculate the remainder when 24270818 is divided by 6129.
6107
Calculate the remainder when 169872 is divided by 8940.
12
Calculate the remainder when 94972 is divided by 47429.
114
What is the remainder when 57417 is divided by 755?
37
What is the remainder when 98764 is divided by 612?
232
What is the remainder when 1430650 is divided by 1895?
1820
Calculate the remainder when 1482214 is divided by 134739.
85
Calculate the remainder when 84109148 is divided by 14018190.
8
Calculate the remainder when 10539359 is divided by 5269651.
57
Calculate the remainder when 7215056 is divided by 41.
40
What is the remainder when 591862 is divided by 91?
89
Calculate the remainder when 120390391 is divided by 1429.
1428
What is the remainder when 5362450 is divided by 15?
10
What is the remainder when 77407251 is divided by 114?
111
Calculate the remainder when 31918746 is divided by 846.
12
Calculate the remainder when 9862018 is divided by 52.
10
What is the remainder when 3105695 is divided by 658?
593
Calculate the remainder when 156904 is divided by 7837.
164
What is the remainder when 71555 is divided by 14311?
0
Calculate the remainder when 552330 is divided by 45997.
366
What is the remainder when 65523 is divided by 16369?
47
What is the remainder when 1281769 is divided by 339?
10
Calculate the remainder when 107441 is divided by 960.
881
Calculate the remainder when 209889301 is divided by 4099.
6
What is the remainder when 13259192 is divided by 189417?
2
What is the remainder when 931631 is divided by 310307?
710
What is the remainder when 45954550 is divided by 84?
82
Calculate the remainder when 4103968 is divided by 14657.
8
What is the remainder when 391510 is divided by 66?
64
What is the remainder when 715763 is divided by 238337?
752
Calculate the remainder when 539544 is divided by 24492.
720
What is the remainder when 198674 is divided by 1967?
7
Calculate the remainder when 32570866 is divided by 52.
42
What is the remainder when 7176056 is divided by 357?
356
What is the remainder when 290063 is divided by 17061?
26
What is the remainder when 1701815 is divided by 170000?
1815
Calculate the remainder when 395953 is divided by 9.
7
What is the remainder when 15145551 is divided by 1262125?
51
Calculate the remainder when 1162152 is divided by 366.
102
What is the remainder when 66341338 is divided by 6?
4
Calculate the remainder when 269492 is divided by 12239.
234
What is the remainder when 8355001 is divided by 4?
1
Calculate the remainder when 99590 is divided by 387.
131
Calculate the remainder when 632215 is divided by 105280.
535
What is the remainder when 2375162 is divided by 223?
212
Calculate the remainder when 5843546 is divided by 834791.
9
Calculate the remainder when 783659 is divided by 2520.
2459
What is the remainder when 551699 is divided by 8363?
8104
Calculate the remainder when 122947 is divided by 853.
115
Calculate the remainder when 1846133 is divided by 20743.
6
What is the remainder when 7761277 is divided by 35?
27
What is the remainder when 49297580 is divided by 12324392?
12
Calculate the remainder when 42937746 is divided by 2741.
2722
Calculate the remainder when 5638418 is divided by 58128.
2
What is the remainder when 1616794 is divided by 9798?
124
What is the remainder when 16433 is divided by 1778?
431
What is the remainder when 1271824 is divided by 3808?
3760
What is the remainder when 16793799 is divided by 16793781?
18
What is the remainder when 2650 is divided by 220?
10
Calculate the remainder when 1510538 is divided by 15892.
798
What is the remainder when 24018 is divided by 1999?
30
What is the remainder when 1386185 is divided by 1627?
1608
Calculate the remainder when 635996 is divided by 1127.
368
What is the remainder when 49642987 is divided by 2588?
2559
Calculate the remainder when 2442537 is divided by 3651.
18
What is the remainder when 5954268 is divided by 1160?
1148
What is the remainder when 787343 is divided by 787257?
86
What is the remainder when 465897 is divided by 232915?
67
What is the remainder when 57158 is divided by 18976?
230
Calculate the remainder when 380308 is divided by 278.
4
Calculate the remainder when 982 is divided by 227.
74
What is the remainder when 7036 is divided by 4354?
2682
What is the remainder when 1795458 is divided by 18?
12
What is the remainder when 148161 is divided by 48490?
2691
Calculate the remainder when 99650152 is divided by 381.
364
Calculate the remainder when 497328 is divided by 1881.
744
What is the remainder when 13230227 is divided by 219?
218
What is the remainder when 395434 is divided by 1901?
26
What is the remainder when 86066 is divided by 3730?
276
What is the remainder when 117491 is divided by 1678?
31
Calculate the remainder when 3139764 is divided by 3139744.
20
What is the remainder when 54546 is divided by 26238?
2070
Calculate the remainder when 76968979 is divided by 542035.
9
Calculate the remainder when 3502129 is divided by 1167206.
511
